 p + 76. Let c be k(0). Suppose -y - c = -3*y. Calculate the highest common factor of 19 and y.
19
Let j(v) = 4*v - 1. Suppose w - 10 = -3*z, 2*z - 4*z + 3*w - 8 = 0. Let k be j(z). What is the greatest common factor of 77 and k?
7
Suppose 0*w + 348 = 4*w. Let v = w - 42. Let a be (9/4)/(-3)*-24. What is the highest common divisor of v and a?
9
Suppose -4*k + 13 = -3*k. Calculate the greatest common factor of 91 and k.
13
Let d(a) = a**2 + 8*a + 11. Let o be d(-8). Let n(k) = -k**3 + 9*k**2 + 7*k + 41. Let z be n(10). What is the highest common factor of o and z?
11
Let p = -3 - -2. Let o be p/3 - 1/(-3). Let b be (3 - o)/(-6)*-2. Calculate the highest common divisor of 1 and b.
1
Let p = 159 + -114. Calculate the highest common divisor of 120 and p.
15
Let k(w) = 5*w**3 + 2*w**2 - 2*w + 1. Let b be k(1). Suppose m - 4 = b. Let f = 12 + -7. Calculate the greatest common divisor of f and m.
5
Let c(g) = g**3 + 10*g**2 + 8*g - 1. Let l be c(-8). What is the highest common divisor of 7 and l?
7
Suppose 2*x - 20 = -3*x. Suppose -2*w + 9 = 3*v, 0 = 2*w - x*w + 5*v + 49. Suppose -o = 2*o - 72. Calculate the greatest common factor of o and w.
12
Let h = 58 - 33. Calculate the greatest common factor of h and 200.
25
Let v = 11 - 6. Let c(l) = 14 + 3*l - l - v*l + 2*l. Let d be c(11). What is the greatest common factor of d and 15?
3
Let p(o) = -o**2 + 9*o - 4. Let h(d) = -4*d**2 + 36*d - 17. Let m(l) = -2*h(l) + 9*p(l). Let c be m(4). What is the highest common divisor of 126 and c?
18
Let c = -28 - -44. What is the greatest common factor of 24 and c?
8
Let h(l) = -l - 4. Let r be h(-9). Suppose 10 + 0 = -r*m. Let n = 4 + m. Calculate the greatest common factor of n and 5.
1
Let g = -5 + 7. Let v be (-81)/6*g/(-3). What is the highest common divisor of v and 1?
1
Let k(o) = 2*o**2 + 38*o + 39. Let b be k(-18). Let q be (-50)/(-8) - 2/8. Calculate the greatest common factor of b and q.
3
Let l = 91 + -56. What is the greatest common divisor of 7 and l?
7
Suppose -3*k + 2*x - 20 = -118, -3*k - 4*x = -92. What is the greatest common divisor of 224 and k?
32
Let r = 11 + -8. Suppose r*n - 935 = -2*n. Calculate the highest common divisor of n and 17.
17
Let b = -5 + 6. Let x be (-1)/b*(-5)/5. Let g = 14 - x. Calculate the greatest common divisor of 104 and g.
13
Let i(s) = s**3 - 2*s**2 + s + 2. Let n(p) = -p**2 - 10*p + 13. Let r be n(-11). Let h be i(r). What is the greatest common divisor of h and 36?
4
Let o = -58 + 91. Let y(r) = -r**2 - 6*r + 16. Let p be y(-11). Let a = p + 61. What is the highest common divisor of o and a?
11
Suppose 5*f - 45 = 270. Let b be (-1 - 3)*7/(-4). What is the greatest common divisor of f and b?
7
Let u = -8 - -14. Calculate the highest common factor of 6 and u.
6
Let r be (2 + -3)/((-2)/128). Suppose 3*m = 26 + r. What is the highest common factor of 12 and m?
6
Let g(p) = -p**3 - 6*p**2 - 9*p - 12. Let z be g(-5). Suppose 3*n + 31 = -u + 6*u, -2*u - 5*n = -31. Calculate the highest common factor of u and z.
8
Let u = 14 - 6. Let v(o) = o**3 - 6*o**2 - 12*o + 12. Let y be v(u). Let t be (-3)/((-3)/y) - -1. What is the highest common divisor of 18 and t?
9
Suppose -47 - 508 = -5*t. Suppose -6*y + 2*y - t = -3*a, 99 = -3*y - 3*a. Let c = -16 - y. What is the greatest common divisor of 35 and c?
7
Let c be -4 + 294 + -4 + 1. Let p = -189 + c. Calculate the greatest common divisor of 14 and p.
14
Let w be 16 + 4/(-4) + 1. What is the highest common factor of 8 and w?
8
Let i(m) = m**3 + 18*m**2 + 6*m. Let p be i(-17). What is the highest common factor of 17 and p?
17
Suppose 0*c - 4*f - 3 = -c, c + f - 3 = 0. Let x = c + 1. Calculate the greatest common factor of x and 28.
4
Suppose 0*c + 3*c = -27. Let h(m) = m**3 + 9*m**2 + 1. Let y be h(c). What is the highest common factor of y and 2?
1
Suppose -q + 0*d + 10 = -5*d, 72 = 5*q - 3*d. Suppose -q = -5*j + 30. Calculate the highest common factor of 72 and j.
9
Let s(k) = -2*k**2 - 3*k - 4. Let h be s(3). Let m = h + 66. Calculate the greatest common factor of m and 7.
7
Suppose 0 = -0*c + 3*c - 18. Suppose o = -0 + c. Suppose -3*k + 12 = -3*l, 3*k + 12 = o*k + 4*l. What is the highest common factor of 8 and k?
4
Let t(r) = 2*r + 24. Let d be t(-10). What is the highest common factor of 8 and d?
4
Suppose 2*h + 3*m - 115 = -2*h, 0 = -5*h + m + 139. Calculate the greatest common factor of 28 and h.
28
Let f(c) = c**2 + 121. Let z be f(0). What is the greatest common factor of z and 11?
11
Suppose -58 + 153 = 5*g. Let f = g + -11. Suppose 96 = -z + 5*z. Calculate the highest common factor of z and f.
8
Let p(u) = u**3 + 7*u**2 + u + 16. Let q be p(-7). Calculate the greatest common factor of q and 18.
9
Suppose 4*h - h = 6, g - 85 = -2*h. Suppose 0 = -3*j + g - 24. What is the greatest common divisor of 133 and j?
19
Suppose -7 = 2*m - 2*l - 23, 0 = 5*m - 2*l - 25. Let s(a) = 4*a. Let y be s(3). What is the highest common factor of y and m?
3
Suppose 107 = 15*l + 2. Suppose -3*a + i = -0*a - 231, 0 = 2*a - i - 154. What is the greatest common factor of a and l?
7
Suppose -47 = -3*r - 11. Suppose 4*h - 2*h - 26 = 2*m, -2*m + 58 = 5*h. What is the greatest common divisor of r and h?
12
Let r = -3 - -5. Suppose -r*d = -3*a - 8, 3*d - 2*a - 12 = 2*a. What is the greatest common factor of d and 28?
4
Let s be ((-16)/(-5))/((-2)/(-40)). Suppose 0 = 3*t + c - 96, -2*t + 0*c + s = -3*c. What is the greatest common divisor of t and 16?
16
Let a be 15/2 - (-1)/(-2). Suppose -4*v + 221 = -4*j - 3, -3*v = 2*j - 168. Calculate the highest common divisor of a and v.
7
Suppose -2*g = -c - c + 16, 4*c - 34 = 3*g. Let j(w) = 7*w**2 - 2. Let t be j(4). Calculate the highest common factor of c and t.
10
Let g(n) = n**2 - 2*n. Let j be g(3). Suppose -k + j*k = 4. Suppose x + k*i = -0*i + 7, -2*i - 38 = -2*x. Calculate the highest common factor of x and 10.
5
Let c be 23 + 8 + 2/(-2). Calculate the greatest common divisor of 6 and c.
6
Let l be (2/3)/(1/18). Let o(h) = h**2 + 3*h + l - 4*h + 2*h. Let g be o(0). Calculate the highest common divisor of g and 12.
12
Let c = 47 - 32. Let f be (-31)/(-2) - (-2)/(-4). What is the greatest common factor of f and c?
15
Let f = -56 - -95. Let r be (-26)/10*(-5)/1. Calculate the highest common divisor of f and r.
13
Let u = 5 - 8. Let z be (u + 1)/((-2)/8). What is the highest common divisor of 8 and z?
8
Let u = 203 - 108. What is the highest common factor of u and 38?
19
Let h be ((-2)/6)/(8/(-216)). What is the greatest common factor of 63 and h?
9
Let p(d) = 5*d**2 - 4*d + 2. Let c be p(2). Let s be -2 + 0 + 2 + 28. Let z be 46/c - 8/s. Calculate the highest common factor of 6 and z.
3
Let b = -10 - -4. Let n = b - -15. What is the highest common divisor of n and 3?
3
Let q = -7 - -91. Calculate the greatest common divisor of 12 and q.
12
Let g(i) = 2*i**2 - 2*i - 4. Suppose -r + 2*r = 8. Let f be g(r). What is the highest common factor of f and 12?
12
Let i = 3 - 0. Suppose -i*h - a + 25 = -17, 4*h - a - 63 = 0. What is the greatest common divisor of 165 and h?
15
Let l = 0 + -2. Let v be (-34)/(-4)*(l + 4). Suppose -d = -v - 46. What is the greatest common divisor of d and 9?
9
Suppose 4 = 3*m - 5. Suppose 2*x + m*x = 15. Suppose 2*r + r = -4*q + 4, r - x*q - 23 = 0. What is the greatest common divisor of r and 2?
2
Let l(y) = 25*y - 24. Let m be l(6). What is the highest common divisor of m and 14?
14
Suppose -w + 1 = -4. Let h be w/((-5)/2) + 5. What is the highest common factor of 2 and h?
1
Suppose -6*c + 4*c + 14 = 0. Let k = c + -3. What is the highest common factor of k and 6?
2
Let t(p) = -p**3 - 5*p**2 - p - 6. Let k(a) = a**2 + a - 9. Let h be k(0). Let s be h*(24/9 - 2). Let j be t(s). What is the highest common divisor of 24 and j?
12
Suppose 5*u - 565 = 5*x, 0 = 2*x + 2 + 4. What is the highest common divisor of 22 and u?
22
Let p(i) = i**3 - 3*i**2 - 3*i + 1. Let a be p(4). Let q be 3/(((-6)/28)/(-1)). Let j = q - 4. Calculate the highest common factor of j and a.
5
Let k(v) = 3*v**2 - 4. Let l be k(2). What is the greatest common factor of 136 and l?
8
Let h(a) = -15*a. Let j be h(-1). Suppose -2*d + 9 = -j. Let f(s) = 4*s**2 - 9*s - 37. Let n be f(-5). What is the greatest common divisor of n and d?
12
Suppose -2*u + 288 = 2*k + 2*u